{"id":705,"date":"2009-12-07T15:13:22","date_gmt":"2009-12-07T14:13:22","guid":{"rendered":"http:\/\/www.thewhiterock.co.uk\/?page_id=705"},"modified":"2012-07-03T10:34:49","modified_gmt":"2012-07-03T09:34:49","slug":"drinking-tequila","status":"publish","type":"page","link":"https:\/\/www.thewhiterock.co.uk\/?page_id=705","title":{"rendered":"Drinking Tequila"},"content":{"rendered":"<p>.<\/p>\n<p style=\"text-align: justify;\">Tequila comes in three main types:\u00a0 the <em>blanco<\/em>, or pure white type, which is young;\u00a0 <em>reposado <\/em>(\u2018rested\u2019), which has aged for a few months; and <em>a\u00f1ejo<\/em>, which has had a year in the barrel.\u00a0 Reliable brands include Sauza and Jose Cuervo, while the upmarket Cazadores from the Highlands in Jalisco make a particularly attractive <em>blanco<\/em> which is now more widely available in the UK.<\/p>\n<p style=\"text-align: justify;\">For a better Margarita, try using the <em>reposado <\/em>blended with half that amount of lime juice, and a good splash of Cointreau.\u00a0 Another cocktail worth the mix is the Paloma (equal parts of <em>blanco<\/em> tequila, grapefruit juice and soda, over ice).\u00a0 For\u00a0 a <em>sangrita<\/em> chaser to go with a tequila shot, use equal amounts of orange, grapefruit, tomato and lime juice, with a judicious bit of finely chopped chilli for a fiery kick.\u00a0 The traditional slammer is a shot glass full mainly of tequila with some added soda or lemonade, banged firmly on the table a few times (one expert recommends using a business card to cap the glass \u2013 just don\u2019t hand it out afterwards). And a surprisingly effective party drink, given the unlikeliness of the ingredients, is a punch promoted by Lourdes Nichols, the cookery writer who single-handedly first brought good Mexican dishes and ingredients to the UK:<\/p>\n<p style=\"padding-left: 240px; text-align: justify;\">one large bottle of tequila,<br \/>\ntwo litres each of American dry ginger and soda,<br \/>\nthe juice of six oranges and six limes,<br \/>\n\u00bd pound granulated sugar,<\/p>\n<p style=\"text-align: justify;\">mixed and chilled for at least an hour, then served with ice cubes;\u00a0 stand well back.<\/p>\n<p style=\"text-align: justify;\">Better places to drink tequila in the UK include the atmospheric Green and Red in Shoreditch, Wahaca in Covent Garden and Westfield, Casa Mexicana in Bristol and the Las Iguanas chain throughout the country;\u00a0 Wahaca under the inspired guidance of Thomasina Miers has the edge when it comes to the food, with <em>huitlacoche<\/em> mushrooms and sliced cactus dishes among the more usual tacos and quesadillas.<\/p>\n<p style=\"text-align: justify;\">In\u00a0the States,\u00a0my heart belongs to Rosa Mexicana, which has different branches uptown and downtown in New York, as well as Washington, Miami and L.A.<\/p>\n<p style=\"text-align: justify;\">In Mexico City, the Hilton put me up and mixed an old style Tequila Oil, which the barman remembered well as a 70s vogue.\u00a0\u00a0 La Valentina on Insurgentes Sur (also with a branch in Polanco) served me fried worms soaked in tequila when I ate there many years ago, and is still good.<\/p>\n<p style=\"text-align: justify;\">But for a musical backdrop for that perfect margarita, it\u2019s still hard to beat the Plaza Garibaldi in central Mexico City where couples and families go to be serenaded by those prototypical Mexicans, the mariachis: \u00a0\u00a0the Tenampa bar is their Grand Ole Opry House, an eighty year-old shrine to the tradition, with pictures of old maestros like Agust\u00edn Lara on the walls and almost a mariachi band to every table.\u00a0 Not the place for a quiet drink, but heaven if, like me, you love the sentimentality and emotion of songs like \u2018<em>Adelita<\/em>\u2019.\u00a0 Last time I was there, I got a salmon-suited <em>caporal<\/em> and his full 10-piece band (the proper size: 3 trumpets, 3 guitars, 3 violins\u00a0 and a singer) to play \u2018<em>Mi Guajirita<\/em>\u2019, the great lament of the Mexican male whose \u2018Guajirita\u2019 loves him totally and would kill him if his own love wavered, with its swelling and desperate chorus:\u00a0 \u2018<em>Qui\u00e9reme, qui\u00e9reme m\u00e1s \/ qui\u00e9reme, qui\u00e9reme m\u00e1s<\/em>,\u00a0 love me, love me even more \/ love me, love me even more.\u2019\u00a0\u00a0Another <em>chelita<\/em> with a tequila chaser please&#8230;<\/p>\n<p>For more background, see\u00a0 &#8216;<a href=\"http:\/\/www.ft.com\/cms\/s\/2\/24634214-515f-11de-84c3-00144feabdc0.html?ftcamp=rss\" target=\"_blank\">Tequila Tales<\/a>&#8216;\u00a0\u00a0 in the\u00a0Financial Times.<\/p>\n","protected":false},"excerpt":{"rendered":"<p>. Tequila comes in three main types:\u00a0 the blanco, or pure white type, which is young;\u00a0 reposado (\u2018rested\u2019), which has aged for a few months; and a\u00f1ejo, which has had a year in the barrel.\u00a0 Reliable brands include Sauza and Jose Cuervo, while the upmarket Cazadores from the Highlands in Jalisco make a particularly attractive [&hellip;]<\/p>\n","protected":false},"author":1,"featured_media":0,"parent":174,"menu_order":0,"comment_status":"open","ping_status":"open","template":"page-without-sidebar.php","meta":{"site-sidebar-layout":"default","site-content-layout":"","ast-site-content-layout":"","site-content-style":"default","site-sidebar-style":"default","ast-global-header-display":"","ast-banner-title-visibility":"","ast-main-header-display":"","ast-hfb-above-header-display":"","ast-hfb-below-header-display":"","ast-hfb-mobile-header-display":"","site-post-title":"","ast-breadcrumbs-content":"","ast-featured-img":"","footer-sml-layout":"","theme-transparent-header-meta":"","adv-header-id-meta":"","stick-header-meta":"","header-above-stick-meta":"","header-main-stick-meta":"","header-below-stick-meta":"","astra-migrate-meta-layouts":"default","ast-page-background-enabled":"default","ast-page-background-meta":{"desktop":{"background-color":"var(--ast-global-color-4)","background-image":"","background-repeat":"repeat","background-position":"center center","background-size":"auto","background-attachment":"scroll","background-type":"","background-media":"","overlay-type":"","overlay-color":"","overlay-opacity":"","overlay-gradient":""},"tablet":{"background-color":"","background-image":"","background-repeat":"repeat","background-position":"center center","background-size":"auto","background-attachment":"scroll","background-type":"","background-media":"","overlay-type":"","overlay-color":"","overlay-opacity":"","overlay-gradient":""},"mobile":{"background-color":"","background-image":"","background-repeat":"repeat","background-position":"center center","background-size":"auto","background-attachment":"scroll","background-type":"","background-media":"","overlay-type":"","overlay-color":"","overlay-opacity":"","overlay-gradient":""}},"ast-content-background-meta":{"desktop":{"background-color":"var(--ast-global-color-5)","background-image":"","background-repeat":"repeat","background-position":"center center","background-size":"auto","background-attachment":"scroll","background-type":"","background-media":"","overlay-type":"","overlay-color":"","overlay-opacity":"","overlay-gradient":""},"tablet":{"background-color":"var(--ast-global-color-5)","background-image":"","background-repeat":"repeat","background-position":"center center","background-size":"auto","background-attachment":"scroll","background-type":"","background-media":"","overlay-type":"","overlay-color":"","overlay-opacity":"","overlay-gradient":""},"mobile":{"background-color":"var(--ast-global-color-5)","background-image":"","background-repeat":"repeat","background-position":"center center","background-size":"auto","background-attachment":"scroll","background-type":"","background-media":"","overlay-type":"","overlay-color":"","overlay-opacity":"","overlay-gradient":""}},"footnotes":""},"class_list":["post-705","page","type-page","status-publish","hentry"],"_links":{"self":[{"href":"https:\/\/www.thewhiterock.co.uk\/index.php?rest_route=\/wp\/v2\/pages\/705"}],"collection":[{"href":"https:\/\/www.thewhiterock.co.uk\/index.php?rest_route=\/wp\/v2\/pages"}],"about":[{"href":"https:\/\/www.thewhiterock.co.uk\/index.php?rest_route=\/wp\/v2\/types\/page"}],"author":[{"embeddable":true,"href":"https:\/\/www.thewhiterock.co.uk\/index.php?rest_route=\/wp\/v2\/users\/1"}],"replies":[{"embeddable":true,"href":"https:\/\/www.thewhiterock.co.uk\/index.php?rest_route=%2Fwp%2Fv2%2Fcomments&post=705"}],"version-history":[{"count":7,"href":"https:\/\/www.thewhiterock.co.uk\/index.php?rest_route=\/wp\/v2\/pages\/705\/revisions"}],"predecessor-version":[{"id":1843,"href":"https:\/\/www.thewhiterock.co.uk\/index.php?rest_route=\/wp\/v2\/pages\/705\/revisions\/1843"}],"up":[{"embeddable":true,"href":"https:\/\/www.thewhiterock.co.uk\/index.php?rest_route=\/wp\/v2\/pages\/174"}],"wp:attachment":[{"href":"https:\/\/www.thewhiterock.co.uk\/index.php?rest_route=%2Fwp%2Fv2%2Fmedia&parent=705"}],"curies":[{"name":"wp","href":"https:\/\/api.w.org\/{rel}","templated":true}]}}