{"id":2775,"date":"2015-11-01T19:09:49","date_gmt":"2015-11-01T18:09:49","guid":{"rendered":"http:\/\/www.thewhiterock.co.uk\/?page_id=2775"},"modified":"2015-11-01T19:09:49","modified_gmt":"2015-11-01T18:09:49","slug":"john-hemming-encounter-in-the-amazon","status":"publish","type":"page","link":"https:\/\/www.thewhiterock.co.uk\/?page_id=2775","title":{"rendered":"John Hemming:  Encounter in the Amazon"},"content":{"rendered":"<p>&nbsp;<\/p>\n<p><strong><a href=\"https:\/\/www.thewhiterock.co.uk\/wp-content\/uploads\/2015\/11\/IMG_0819-John-Hemming-at-home-2010.jpg\"><img loading=\"lazy\" decoding=\"async\" class=\"alignleft  wp-image-2777\" src=\"https:\/\/www.thewhiterock.co.uk\/wp-content\/uploads\/2015\/11\/IMG_0819-John-Hemming-at-home-2010-300x200.jpg\" alt=\"IMG_0819 John Hemming at home 2010\" width=\"368\" height=\"245\" srcset=\"https:\/\/www.thewhiterock.co.uk\/wp-content\/uploads\/2015\/11\/IMG_0819-John-Hemming-at-home-2010-300x200.jpg 300w, https:\/\/www.thewhiterock.co.uk\/wp-content\/uploads\/2015\/11\/IMG_0819-John-Hemming-at-home-2010-1024x683.jpg 1024w\" sizes=\"auto, (max-width: 368px) 100vw, 368px\" \/><\/a><\/strong><strong>.<\/strong><\/p>\n<p><strong>John Hemming is the epitome of a certain sort of English gentleman<\/strong> \u2013 courteous, retiring and extremely modest.\u00a0 \u00a0Now 75, he was the Director of the Royal Geographical Society for over two decades.\u00a0 He has written definitive histories of both the conquest of the Incas and the tribes of the Amazon.\u00a0 But beneath the reserved exterior of this scholarly explorer lies a life of unusual adventure and risk-taking that began with the most remarkable story.<\/p>\n<p>.<\/p>\n<p>Looking back now across almost half a century, John can still not quite believe what happened: <strong>\u2018We just had incredibly bad luck.\u2019\u00a0<\/strong> For as a young man in 1961, he lost his closest friend, Richard Mason, who became the last Englishman to be killed by an undiscovered tribe in the Amazon.<\/p>\n<p>.<\/p>\n<p><strong>I first met John 30 years ago when I was planning my own expedition to Peru to look for Inca ruins<\/strong>.\u00a0 He lived then, as he still does, in a quiet residential Kensington square.\u00a0 It was gracious and characteristic of him to advise me, as at that stage I had very little experience of my own.\u00a0 He led me down the dark hall of his house and then into a study lined with books about South America, with shafts of light coming down from high windows.\u00a0 In a curious way, that moment of entering his study with him felt like the first step in the process of discovery.<\/p>\n<p>He told me part of the story then, and over the years I have filled in other sections,\u00a0 but it was only recently that we discussed at length not only the tragic events of the 1961 expedition but his later quest to find the perpetrators.<\/p>\n<p>.<\/p>\n<p><strong>The expedition had begun so well<\/strong>.<a href=\"https:\/\/www.thewhiterock.co.uk\/wp-content\/uploads\/2015\/11\/IMG_0832-John-hemming-and-companions-leaving-on-expedition.jpg\"><img loading=\"lazy\" decoding=\"async\" class=\"alignleft size-medium wp-image-2784\" src=\"https:\/\/www.thewhiterock.co.uk\/wp-content\/uploads\/2015\/11\/IMG_0832-John-hemming-and-companions-leaving-on-expedition-300x198.jpg\" alt=\"IMG_0832 - John hemming and companions leaving on expedition\" width=\"300\" height=\"198\" srcset=\"https:\/\/www.thewhiterock.co.uk\/wp-content\/uploads\/2015\/11\/IMG_0832-John-hemming-and-companions-leaving-on-expedition-300x198.jpg 300w, https:\/\/www.thewhiterock.co.uk\/wp-content\/uploads\/2015\/11\/IMG_0832-John-hemming-and-companions-leaving-on-expedition-1024x677.jpg 1024w\" sizes=\"auto, (max-width: 300px) 100vw, 300px\" \/><\/a>\u00a0They had been room-mates at Oxford and had already developed a taste for exploration:\u00a0 Richard had crossed South America by Land Rover, while John had managed to get a berth on a freighter to Peru.\u00a0\u00a0 They recruited a third member, the unlikely figure of Kit Lambert, an old schoolboy friend of Richard\u2019s who was later to be the Who\u2019s manager, and set off.<\/p>\n<p>At first the three young men, all in their twenties, felt they were living a wonderful adventure. By night they slept in hammocks; by day they mapped the beautiful and uncharted country along the Iriri River, having fun naming the lakes and hills after their girlfriends, just as a blameless river had been called after Theodore Roosevelt\u2019s son Kermit when the ex-president led an expedition to the Amazon in 1913.<\/p>\n<p>.<\/p>\n<p>Their technique for getting through the jungle was simple. One of them would lead the path-cutting team of wood cutters. Aiming at a distant tree as a sightline, the leader would crash and hack his forward through the undergrowth, while two men widened the trail behind and the others followed.<\/p>\n<p>John remembers it vividly:\u00a0 \u2018Sometimes we shot game &#8211; wild turkeys or tapirs &#8211; but generally we ate little and lost weight. We became pale from rarely seeing the sun, and were covered in bites and scratches. The compensation for all this effort was the beauty of virgin rainforest and the knowledge that no Westerner had ever trodden there before.\u2019<\/p>\n<p>\u2018<strong>Richard was a wonderful leader<\/strong>. His Portuguese was poor, but his hard work and optimism commanded respect and inspired the men even when the going was toughest.\u2019<\/p>\n<p>Yet progress proved slower than expected. Their stocks of food started to run down and John was dispatched to Rio de Janeiro to get more supplies and drop them back by parachute.<\/p>\n<p>\u2018I had no money.\u00a0 To get to Rio, I had to barter a bottle of whiskey with a pilot, and then hitchhike my way from the airport into the city \u2013 where I found myself in the middle of an attempted \u00a0coup.\u00a0 The whole air force had been grounded.\u00a0 Somehow I managed to get an air-sea rescue team to help us and found myself flying back across the jungle in an enormous seaplane to be dropped off with the new supplies.\u00a0 Then we ran into a lightning storm. It was a surreal experience, seeing the lightning surround us and illuminate the jungle canopy by night.\u2019<\/p>\n<p>\u2018In the middle of the storm, the co-pilot came back into the cargo-hold to tell me that they had picked up bad news on the radio. While I&#8217;d been away, the expedition had been attacked and someone had been killed. At that point they didn&#8217;t know who.\u2019<\/p>\n<p><a href=\"https:\/\/www.thewhiterock.co.uk\/wp-content\/uploads\/2015\/11\/IMG_0828-Express-headline-sept-8-1961-John-Hemming-story.jpg\"><img loading=\"lazy\" decoding=\"async\" class=\"alignright size-medium wp-image-2789\" src=\"https:\/\/www.thewhiterock.co.uk\/wp-content\/uploads\/2015\/11\/IMG_0828-Express-headline-sept-8-1961-John-Hemming-story-300x200.jpg\" alt=\"IMG_0828 Express headline sept 8 1961 John Hemming story\" width=\"300\" height=\"200\" srcset=\"https:\/\/www.thewhiterock.co.uk\/wp-content\/uploads\/2015\/11\/IMG_0828-Express-headline-sept-8-1961-John-Hemming-story-300x200.jpg 300w, https:\/\/www.thewhiterock.co.uk\/wp-content\/uploads\/2015\/11\/IMG_0828-Express-headline-sept-8-1961-John-Hemming-story-1024x683.jpg 1024w\" sizes=\"auto, (max-width: 300px) 100vw, 300px\" \/><\/a><strong>Only on landing did John discover what had happened<\/strong>. Richard Mason had been alone and going back down a trail they had previously cut. After months of exploring what the expedition had been told was uninhabited jungle, they had long stopped worrying about Indian attacks. But that is exactly what seemed to have taken place. The others had come across his body carefully laid out on the path, surrounded by 40 arrows and 17 heavy clubs.\u00a0 A bag of sugar was spilled nearby, untouched &#8211; as was a lighter.\u00a0 Nothing had been taken.<\/p>\n<p>John found Kit Lambert in a complete and understandable state of shock. In today&#8217;s culture, Kit would have been more of a candidate for <em>I&#8217;m A Celebrity Get Me Out Of Here <\/em>than an actual expedition to the jungle. \u00a0In later life he led a flamboyant and camp rock &#8216;n&#8217; roll lifestyle with The Who.<\/p>\n<p>.<\/p>\n<p><strong>The two men\u2019s main concern was that there might be a further attack<\/strong>, \u00a0so they hurried with the rest of their team to the relative safety of the one air-strip they could reach, Cachimbo, which John remembers as being \u2018as isolated in the jungle as a small island in the South Atlantic\u2019.<\/p>\n<p>The Brazilian authorities flew in some medics and a platoon of \u2018jungle troops\u2019 \u2013 who, it seems, looked like they would have been more at home in the nightclubs of Rio. \u00a0John asked if the body could be cremated.\u00a0 \u00a0He was told that first there would have to be an examination \u00a0to make sure that he hadn&#8217;t been killed by other members of the expedition;\u00a0 they all had to return to the scene of the death.<\/p>\n<p><strong>For John, it was a terrible journey<\/strong>: \u2018We walked sombrely back along that familiar trail, sleeping at an old camp site. I remember it all as dreamlike, with the landmarks along the trail seeming unreal and the once-cheerful camp gloomy and strangely sinister. The medics embalmed Richard&#8217;s body and we carried it out, wrapped in canvas and slung under a pole, for eventual burial in the British cemetery in Rio de Janeiro.\u2019<\/p>\n<p>While like Kit, John was still in deep shock, he did try as best he could to rationalise his friend\u2019s death.\u00a0 As Kit and he agreed, at least it had been almost instantaneous &#8211; it could as well have been a crash in one of the fast cars that Richard was so fond of driving.<\/p>\n<p><strong>And then John did something which some might find surprising<\/strong>.\u00a0 He decided to leave a gift of machetes for the unknown attackers, hoping that they would conclude that the white men were well-intentioned.\u00a0 This was in the tradition of earlier Amazon explorers like Colonel Rondon.<\/p>\n<p>The question that naturally haunted John was how the attackers had come across Richard in supposedly uninhabited jungle:\u00a0 had they seen the smoke flares lit by the team for several days to guide John&#8217;s plane when it made its expected parachute drop \u2013 and were they from an unreported village nearby or a long range hunting party from tribes known to be living in the far distance?<\/p>\n<p><strong>For many years it remained an unresolved mystery<\/strong>. \u00a0At least by carrying one of the jungle arrows back to an academic in Oxford (\u2018I felt very conspicuous on the train\u2019), \u00a0John was able to get an identification for the tribal group who had committed the murder: the Panar\u00e1, at that time uncontacted by the outside world, but feared as savage and violent by neighbouring Brazilian tribes who called them \u2018The Men With Heads Cut Round\u2019 because of their pudding bowl haircuts.<\/p>\n<p><strong>In the decades that followed<\/strong>, John continued working in other areas of the Amazon and became a well-known expert on its history. \u00a0It was not until 40 years later that he finally came face to face with the particular tribe who had killed Richard.<\/p>\n<p><em>\u00a0<\/em>\u2018I assumed that all the Panar\u00e1 involved in Richard&#8217;s death would by now be dead, and that their descendants would have forgotten that distant ambush. They had suffered too many calamities of their own since then.\u00a0 Within two years of their first face-to-face encounter with the outside world in 1973, their numbers had fallen from 600 to 80.\u00a0 They were also forced off their tribal land by gold prospectors and cattle-ranchers.\u00a0 The Brazilian Government\u2019s Indian Service had restricted access to them as a result. But when by chance we were able to reach the new Panar\u00e1 village when visiting another tribe nearby, I found that they did remember that first contact with a white man.\u2019<\/p>\n<p><a href=\"https:\/\/www.thewhiterock.co.uk\/wp-content\/uploads\/2015\/11\/john-with-panara-tribe-tesaya-and-translator-cropped.jpg\"><img loading=\"lazy\" decoding=\"async\" class=\"alignleft size-medium wp-image-2795\" src=\"https:\/\/www.thewhiterock.co.uk\/wp-content\/uploads\/2015\/11\/john-with-panara-tribe-tesaya-and-translator-cropped-300x203.jpg\" alt=\"john with panara tribe, tesaya and translator - cropped\" width=\"300\" height=\"203\" srcset=\"https:\/\/www.thewhiterock.co.uk\/wp-content\/uploads\/2015\/11\/john-with-panara-tribe-tesaya-and-translator-cropped-300x203.jpg 300w, https:\/\/www.thewhiterock.co.uk\/wp-content\/uploads\/2015\/11\/john-with-panara-tribe-tesaya-and-translator-cropped-1024x694.jpg 1024w\" sizes=\"auto, (max-width: 300px) 100vw, 300px\" \/><\/a>With great good luck, one of the three people in the world who could speak the Panar\u00e1 language, anthropologist Elizabeth Ewart, was at the village when he arrived, so could translate. She told the tribe that John was a friend of the man they had killed and they became worried and apprehensive. Their leaders revealed that it had indeed been a long distance hunting party veering far from their usual path in search of Brazil nuts who had come across Richard in the jungle &#8211; or rather had come across the path the expedition had been cutting which, as John says, must have seemed like a motorway.\u00a0 They had waited beside it until they heard the \u2018swish\u2019 that Richard\u2019s jeans made from far down the path as he approached. \u00a0One man said that the hunters had called out \u2018come here\u2019 to Richard, and when he had not understood, they had killed him.<\/p>\n<p>\u2018I learnt,\u2019 said John, \u2018that doing so has always been the Panar\u00e1 way. Their word for &#8220;stranger&#8221; &#8211; for any non-Panar\u00e1 &#8211; is the same as for &#8220;enemy&#8221;. It was also an old Panar\u00e1 tradition for every member of a party that killed someone to leave his weapons beside the body.\u2019<\/p>\n<p>None of the original killers were still alive, but one old women revealed to John that she was the widow of the recently deceased Chief Sokriti, who had been one of the hunting party. She was able to give more details: that the hunters had removed Richard&#8217;s revolver \u2013\u00a0 for signalling in case he got lost &#8211; but, not knowing what it was, had tried to smash it. They also clubbed something \u2018shiny and mirror-like\u2019 &#8211;\u00a0 his cigarette lighter, which the others later found near his body.<\/p>\n<p><img loading=\"lazy\" decoding=\"async\" class=\"alignright wp-image-2798 size-medium\" src=\"https:\/\/www.thewhiterock.co.uk\/wp-content\/uploads\/2015\/11\/panara-called-tesaya-weaving-headdress-sharpened-300x205.jpg\" alt=\"panara called tesaya weaving headdress - sharpened\" width=\"300\" height=\"205\" srcset=\"https:\/\/www.thewhiterock.co.uk\/wp-content\/uploads\/2015\/11\/panara-called-tesaya-weaving-headdress-sharpened-300x205.jpg 300w, https:\/\/www.thewhiterock.co.uk\/wp-content\/uploads\/2015\/11\/panara-called-tesaya-weaving-headdress-sharpened-1024x699.jpg 1024w\" sizes=\"auto, (max-width: 300px) 100vw, 300px\" \/>John asked about the machetes he had left there and found that, as he had hoped, they had been accepted as peace tokens.\u00a0 To his surprise \u2013 given that Amazon Indians are not given to niceties of gratitude or sympathy \u2013 one &#8220;gentle giant&#8221; called Teseya even told him: \u2018We killed your friend\u00a0 in the old days when \u00a0we did not know white men. We did not know that there are good white men and bad white men.\u2019 He named the good white men who had helped the tribe to return to part of its lands. \u2018You are a good white man. You may come back.\u2019\u00a0 John took this as a form of apology, even remorse, for the ambush 40 years before.<\/p>\n<p>On leaving the Panar\u00e1, John again flew over the Iriri river country that he had seen all those years before, much of it now looking like a lunar landscape from the damage left by cattle ranchers and soya farmers. \u00a0By ironic coincidence the Panar\u00e1 have ended up living in precisely that area where Richard Mason was killed &#8211; then a bit of their distant hunting ground, but now one of the last bits of forest left to them.<\/p>\n<p>As John has pointed out in his recent book, <em>Tree of Rivers: The Story of the Amazon<\/em>, there are however some optimistic gleams of light through the undergrowth.\u00a0 Since the 1960s the population of Amazon Indians has quadrupled, and there is now more respect for them in Brazil as the natural custodians of the planet\u2019s most important lung. \u00a0Many Indians that have had contact with outside society, after seeing how the West lives, have chosen to go back to their own way of life.\u00a0 And even today, there are still at least thirty Indians tribes in Brazil who are only known because they have been seen from the air, and have never been contacted.<\/p>\n<p>He still bears no bitterness to the Panar\u00e1 over the death of his friend:\u00a0 \u2018We were trespassers in their forests after all. The Brazilian Indian service have a saying for expeditions like ours: &#8220;die if you must, but never kill.\u201d\u00a0 I do wish though that they had given Richard the time to convince them, even by sign language, of his good intentions, as I&#8217;m sure he would have.\u2019<\/p>\n<p>&#8212;&#8212;&#8212;&#8212;&#8212;&#8212;&#8212;&#8212;&#8212;&#8212;&#8212;&#8212;&#8212;&#8212;&#8212;-<\/p>\n<p>A version of this article was first published in <a href=\"http:\/\/www.amazon.co.uk\/OxTravels-Meetings-remarkable-travel-writers\/dp\/184668496X\" target=\"_blank\"><em>Oxtravels<\/em>, an anthology of travel writing for Oxfam<\/a><\/p>\n<p>John\u2019s book <em>Tree of Rivers: The Story of the Amazon <\/em>is published in paperback by Thames and Hudson<\/p>\n","protected":false},"excerpt":{"rendered":"<p>&nbsp; . John Hemming is the epitome of a certain sort of English gentleman \u2013 courteous, retiring and extremely modest.\u00a0 \u00a0Now 75, he was the Director of the Royal Geographical Society for over two decades.\u00a0 He has written definitive histories of both the conquest of the Incas and the tribes of the Amazon.\u00a0 But beneath [&hellip;]<\/p>\n","protected":false},"author":1,"featured_media":0,"parent":1121,"menu_order":0,"comment_status":"open","ping_status":"closed","template":"page-without-sidebar.php","meta":{"site-sidebar-layout":"default","site-content-layout":"","ast-site-content-layout":"default","site-content-style":"default","site-sidebar-style":"default","ast-global-header-display":"","ast-banner-title-visibility":"","ast-main-header-display":"","ast-hfb-above-header-display":"","ast-hfb-below-header-display":"","ast-hfb-mobile-header-display":"","site-post-title":"","ast-breadcrumbs-content":"","ast-featured-img":"","footer-sml-layout":"","ast-disable-related-posts":"","theme-transparent-header-meta":"","adv-header-id-meta":"","stick-header-meta":"","header-above-stick-meta":"","header-main-stick-meta":"","header-below-stick-meta":"","astra-migrate-meta-layouts":"default","ast-page-background-enabled":"default","ast-page-background-meta":{"desktop":{"background-color":"var(--ast-global-color-4)","background-image":"","background-repeat":"repeat","background-position":"center center","background-size":"auto","background-attachment":"scroll","background-type":"","background-media":"","overlay-type":"","overlay-color":"","overlay-opacity":"","overlay-gradient":""},"tablet":{"background-color":"","background-image":"","background-repeat":"repeat","background-position":"center center","background-size":"auto","background-attachment":"scroll","background-type":"","background-media":"","overlay-type":"","overlay-color":"","overlay-opacity":"","overlay-gradient":""},"mobile":{"background-color":"","background-image":"","background-repeat":"repeat","background-position":"center center","background-size":"auto","background-attachment":"scroll","background-type":"","background-media":"","overlay-type":"","overlay-color":"","overlay-opacity":"","overlay-gradient":""}},"ast-content-background-meta":{"desktop":{"background-color":"var(--ast-global-color-5)","background-image":"","background-repeat":"repeat","background-position":"center center","background-size":"auto","background-attachment":"scroll","background-type":"","background-media":"","overlay-type":"","overlay-color":"","overlay-opacity":"","overlay-gradient":""},"tablet":{"background-color":"var(--ast-global-color-5)","background-image":"","background-repeat":"repeat","background-position":"center center","background-size":"auto","background-attachment":"scroll","background-type":"","background-media":"","overlay-type":"","overlay-color":"","overlay-opacity":"","overlay-gradient":""},"mobile":{"background-color":"var(--ast-global-color-5)","background-image":"","background-repeat":"repeat","background-position":"center center","background-size":"auto","background-attachment":"scroll","background-type":"","background-media":"","overlay-type":"","overlay-color":"","overlay-opacity":"","overlay-gradient":""}},"footnotes":""},"class_list":["post-2775","page","type-page","status-publish","hentry"],"_links":{"self":[{"href":"https:\/\/www.thewhiterock.co.uk\/index.php?rest_route=\/wp\/v2\/pages\/2775","targetHints":{"allow":["GET"]}}],"collection":[{"href":"https:\/\/www.thewhiterock.co.uk\/index.php?rest_route=\/wp\/v2\/pages"}],"about":[{"href":"https:\/\/www.thewhiterock.co.uk\/index.php?rest_route=\/wp\/v2\/types\/page"}],"author":[{"embeddable":true,"href":"https:\/\/www.thewhiterock.co.uk\/index.php?rest_route=\/wp\/v2\/users\/1"}],"replies":[{"embeddable":true,"href":"https:\/\/www.thewhiterock.co.uk\/index.php?rest_route=%2Fwp%2Fv2%2Fcomments&post=2775"}],"version-history":[{"count":20,"href":"https:\/\/www.thewhiterock.co.uk\/index.php?rest_route=\/wp\/v2\/pages\/2775\/revisions"}],"predecessor-version":[{"id":2800,"href":"https:\/\/www.thewhiterock.co.uk\/index.php?rest_route=\/wp\/v2\/pages\/2775\/revisions\/2800"}],"up":[{"embeddable":true,"href":"https:\/\/www.thewhiterock.co.uk\/index.php?rest_route=\/wp\/v2\/pages\/1121"}],"wp:attachment":[{"href":"https:\/\/www.thewhiterock.co.uk\/index.php?rest_route=%2Fwp%2Fv2%2Fmedia&parent=2775"}],"curies":[{"name":"wp","href":"https:\/\/api.w.org\/{rel}","templated":true}]}}